?
28
Let o = 15 + -15. What is the remainder when 23 is divided by (-1 - 1) + (7 - o)?
3
Suppose 100 - 49 = 3*i. Calculate the remainder when 113 is divided by i.
11
Let d be 10 + 2/(5 - 4). Suppose 3*t - 333 = d*t. Let x = -32 - t. What is the remainder when x is divided by 1?
0
Let k(q) = -9*q - 2. Suppose -7 = -2*b - 9. Calculate the remainder when k(b) is divided by 3.
1
Suppose 0 = -5*c + 36 + 69. Let u = 99 - 67. Suppose -s = 4*s + 25, 2*s + u = 2*l. What is the remainder when c is divided by l?
10
Let s = 776 + -662. Calculate the remainder when s is divided by 9.
6
Let o(y) = -8*y - 36. Calculate the remainder when 97 is divided by o(-7).
17
Let m be -3 + 0 - 5/(-5). What is the remainder when m + 19/(-1 + 2) is divided by 10?
7
Suppose 0*w + w = 86. Suppose -61 + 226 = 15*h. Calculate the remainder when w is divided by h.
9
Let h be (-216)/(-28) - (-3 + (-57)/(-21)). Let r(i) = i**3 - 6*i**2 - 16*i + 20. What is the remainder when 37 is divided by r(h)?
17
Suppose 168 = -3*r + 5*r. What is the remainder when (-12)/r + 463/7 is divided by 23?
20
Let l = 1511 - 1276. Calculate the remainder when l is divided by 97.
41
Suppose 5*x - 4*k + 5 = -7, -3*x - 2 = -5*k. Let o be 0 + ((-156)/x - -3). Suppose -4*n = -2 - o. What is the remainder when 42 is divided by n?
9
Let f = -18 - -34. Calculate the remainder when f is divided by 4 - (1 + (-3 - -5)) - -10.
5
Let q = 328 + -327. Let f(r) = 2*r. Let j be f(-1). Calculate the remainder when 13 is divided by (91/(-26))/(q/j).
6
Let r = 26 + -32. Let a = r - 3. Let n(l) = -l**3 - 9*l**2 + 4. What is the remainder when n(a) is divided by 3?
1
Suppose -2*v + 6*v + 2*m - 124 = 0, 0 = 5*v + 3*m - 156. Suppose -x - 51 = -2*t, 2*x + 3*x + v = t. Calculate the remainder when 99 is divided by t.
24
Let u be (-8)/5*(-21 + 16). Let q be (u/(-6))/((-9)/81). Calculate the remainder when 26 is divided by q + (-1 - (-3 + 4)).
6
Let z = -90 - -185. Calculate the remainder when z is divided by 17.
10
Suppose -n = 4*w - 252, n + 531*w - 528*w = 256. Calculate the remainder when n is divided by 74.
46
Let z(c) = 6*c**2 - c - 3. Let n(h) = h - 1. Let i(w) = w**2 + 5*w - 35. Let a(s) = i(s) - 4*n(s). Calculate the remainder when z(-4) is divided by a(-8).
22
Let m = 136 + -76. Let a = 42 - m. What is the remainder when (91/21)/((-2)/a) is divided by 14?
11
Let b(n) = 4*n**3 + 4*n**2 + 3*n + 1. Let f be b(-2). Let c = f - -43. What is the remainder when c is divided by 13 + (-10 - 10/(-2))?
6
Let s(l) = -l**3 - 54*l**2 - 153*l + 121. What is the remainder when s(-51) is divided by 62?
59
Let y(s) = -s**3 + 12*s**2 - 17*s - 14. What is the remainder when y(6) is divided by 41?
18
Let k = 359 + -340. What is the remainder when 24 is divided by k?
5
Suppose 7*f = 2*i + 2*f - 115, -i = 2*f - 35. Calculate the remainder when 75 is divided by i.
30
Suppose 0*r + 6*r = -948. Let g = r + 291. Calculate the remainder when g is divided by 17.
14
Let z(d) = 149*d + 308. Calculate the remainder when 469 is divided by z(-2).
9
Suppose 20*r - 18*r = 30. Let o = r + -15. Suppose o = -4*j - 20 + 108. What is the remainder when j is divided by 6?
4
Let r(x) = 76*x - 1. Let v = -25 + 26. Suppose 2*w = 3 - v. Calculate the remainder when r(w) is divided by 11.
9
Suppose -17*z - 783 = -20*z + q, 0 = -3*q. What is the remainder when z is divided by 39?
27
Let o(x) = -6*x - 17. What is the remainder when 141 is divided by o(-11)?
43
Suppose 0 = -2*r + 2, 0 = -4*k + 17*r - 12*r + 3531. Calculate the remainder when k is divided by 24.
20
Let d = 247 - 182. What is the remainder when d is divided by 23?
19
Suppose 4*f - 12 = -2*q, -f + 4*q + 67 = 73. Let t be 63/12 - (-1)/(-4). Suppose -2*p - v = -t, 0 = -4*p - v + 9. What is the remainder when f is divided by p?
0
Let b(g) = g**2 - 1. Let z(k) = -5*k**2 + 19*k + 17. Let q(l) = -4*b(l) - z(l). Calculate the remainder when 17 is divided by q(20).
3
Let d be (85/5)/((-1)/(-2)). Suppose 2*f - 44 = d. Calculate the remainder when f is divided by 10.
9
Calculate the remainder when 4/(-10)*-29*(-5)/(-1) is divided by 58.
0
Let s = 632 - 550. Calculate the remainder when s is divided by 22.
16
Suppose 90*m - 128*m = -342. What is the remainder when 286 is divided by m?
7
Suppose -3*u - 176 = 184. Suppose -5*h = 25, -k - 4*h = k + 6. Calculate the remainder when u/45*(-39)/4 is divided by k.
5
Let d(w) = 14*w - 50. Let v be d(12). Let p = v + -107. Calculate the remainder when 30 is divided by p.
8
Let m(n) = n - 1. Let r(c) = -7*c + 2. Let f(i) = 4*m(i) + r(i). Let s be f(-7). Let h = 20 + s. What is the remainder when h is divided by 10?
9
Let u be 4/(-18) + (-10)/(-45). Suppose 4*d + 12 = -2*i, u*i = -4*d - i - 16. Calculate the remainder when (368/115)/((-2)/d) is divided by 5.
3
Suppose 0 = -0*a - 5*a - 3*h + 82, 0 = 2*a - 5*h - 8. Let o be ((-6)/15)/((-3)/270). Let i = o + -11. What is the remainder when i is divided by a?
11
Let s(v) = v**2 + v - 7. Let n be s(-4). Suppose n*m - 336 = m - 4*x, -2*m + 159 = -x. Calculate the remainder when m is divided by 17.
13
Let n = 2137 - 2013. Calculate the remainder when n is divided by 48.
28
Let p = -6 - -58. Calculate the remainder when p is divided by 18.
16
Suppose 2*g + 4 = 4*g. Suppose v + 3*v + 8 = -g*l, -5 = -v. Let x = -9 - l. What is the remainder when 9 is divided by x?
4
Suppose -2*i - 7 = 3*u, -5*i = -28*u + 24*u - 40. What is the remainder when 50 is divided by i?
2
Suppose -8 = -3*r + 25. Suppose -86 = -4*o + 3*p + 224, -4*p - 8 = 0. What is the remainder when o is divided by r?
10
Let y = 1010 - 987. What is the remainder when y is divided by 23?
0
Suppose 3*p + 235 = 8*p. Suppose 5*b - 4*n = 57, 8*b = 12*b + 4*n - 96. What is the remainder when p is divided by b?
13
Let l(g) = -6*g - 5. Let n(p) = 1. Let t(y) = l(y) + 6*n(y). What is the remainder when 34 is divided by t(-1)?
6
What is the remainder when 169 is divided by (17 + (-2 - -6 - 5))*1?
9
Let d = -246 + 270. What is the remainder when 70 is divided by d?
22
Suppose 5*s + 4*z - 132 - 86 = 0, -2*s + z = -95. Suppose -5*m + s = 11. What is the remainder when 9 is divided by m?
2
Let j(o) = 3*o + 12. Let a = 4 - -2. Calculate the remainder when 118/5 + a/(-10) is divided by j(0).
11
Suppose p = 4*p - 12. Calculate the remainder when 61 is divided by p + -1 - (12 + -26).
10
Let m(u) = 74*u - 134. Calculate the remainder when m(14) is divided by 43.
42
Suppose -r + 2 = 0, -16*r + 13*r = 2*g - 34. What is the remainder when 178 is divided by g?
10
Let d(q) = -3*q**2 - 48*q - 38. Let z(m) = 23*m - 5. Calculate the remainder when z(2) is divided by d(-15).
6
Let r(m) = 9 + 16 - 3*m - 41. Let n be r(-6). What is the remainder when 9 is divided by n/3*135/18?
4
Let s(f) = -f**2 + 7*f + 3. Let r be s(7). Let x(y) = 3 + r*y**2 - 4*y**2 + 0*y + 13*y - 1. Calculate the remainder when x(9) is divided by 13.
12
Let l(c) = 23*c**2 + 7. What is the remainder when l(3) is divided by 31?
28
Suppose 3*d + h - 14 = -d, d - 9 = -3*h. What is the remainder when 12 is divided by d?
0
Let p = -17 - -21. Calculate the remainder when 15 is divided by p.
3
Suppose 0 = -2*h - 0 - 4, -h = -2*x + 112. What is the remainder when x is divided by 20?
15
Let l = 304 + -284. What is the remainder when 196 is divided by l?
16
Suppose -i + 23 + 5 = -3*g, -4*g = 5*i - 178. Calculate the remainder when 186 is divided by i.
16
Suppose 0 = 13*d - 8*d + 85. Let b(k) = k + 76. Calculate the remainder when b(d) is divided by 12.
11
Suppose -140 = -4*g + 2*x, -8*g = -3*g - 4*x - 169. What is the remainder when ((-8)/(-12))/(2/213) is divided by g?
34
Suppose 63 = -x + 79. Suppose 29 = j - x. What is the remainder when j is divided by 23?
22
Let n(l) = 4*l. Suppose 2*f = 4*z - 2 - 0, 5*f = z + 22. What is the remainder when 3363/(-38)*(-4)/6 is divided by n(f)?
19
Let m(u) = -u**3 - 4*u**2 - u - 9. Let r be m(-4). Let c(j) = j**3 + 6*j**2 - j - 6. What is the remainder when 95 is divided by c(r)?
23
Suppose -16*a = -27*a + 143. Calculate the remainder when 59 is divided by a.
7
Let i = 73 - 64. Calculate the remainder when 143 is divided by i.
8
Let o(j) = j + 196. Calculate the remainder when 354 is divided by o(-77).
116
Let z = -5 + 13. Let u = 28 - z. What is the remainder when 35 is divided by u?
15
Let a = 189 - 2